{"id":1110,"date":"2018-06-14T13:27:42","date_gmt":"2018-06-14T13:27:42","guid":{"rendered":"https:\/\/www.euro-online.org\/websites\/verolog\/?page_id=1110"},"modified":"2018-06-14T13:29:29","modified_gmt":"2018-06-14T13:29:29","slug":"clp-spreadsheet-solver-2","status":"publish","type":"page","link":"https:\/\/www.euro-online.org\/websites\/verolog\/clp-spreadsheet-solver-2\/","title":{"rendered":"CLP Spreadsheet Solver"},"content":{"rendered":"<p>CLP Spreadsheet Solver is now available.<\/p>\n<p>Developed by Dr. G\u00fcne\u015f Erdo\u011fan, 2017.<br \/>\nMailto: <a href=\"G.Erdogan@bath.ac.uk\">G.Erdogan[at]bath.ac.uk<br \/>\n<\/a><br \/>\nThe Microsoft Excel workbook \u201cCLP Spreadsheet Solver\u201d is an open source tool\u00a0for representing, solving, and visualising the results of 3D Bin Packing Problems, also known as\u00a0Container Loading Problems (CLPs).<\/p>\n<p>The download link is available\u00a0<a href=\"http:\/\/people.bath.ac.uk\/ge277\/index.php\/clp-spreadsheet-solver\/\">here<\/a>.<\/p>\n<p>CLP Spreadsheet Solver is a continuation of the BPP Spreadsheet Solver, and is based on the same design principles and similar worksheet and menu structures. It is capable of solving the 3D Bin Packing Problems, allows for multiple bin types and the possibility of adding item-item and bin-item compatibility constraints.<\/p>\n<p>A video tutorial is available at the following link:\u00a0<a href=\"https:\/\/www.youtube.com\/watch?v=-0MCkd-CjD0\">https:\/\/www.youtube.com\/watch?v=-0MCkd-CjD0<\/a><\/p>\n","protected":false},"excerpt":{"rendered":"<p>CLP Spreadsheet Solver is now available. Developed by Dr. G\u00fcne\u015f Erdo\u011fan, 2017. Mailto: G.Erdogan[at]bath.ac.uk The Microsoft Excel workbook \u201cCLP Spreadsheet Solver\u201d is an open source tool\u00a0for representing, solving, and visualising [&hellip;]<\/p>\n","protected":false},"author":12,"featured_media":0,"parent":0,"menu_order":0,"comment_status":"closed","ping_status":"closed","template":"","meta":{"footnotes":""},"class_list":["post-1110","page","type-page","status-publish","hentry"],"_links":{"self":[{"href":"https:\/\/www.euro-online.org\/websites\/verolog\/wp-json\/wp\/v2\/pages\/1110"}],"collection":[{"href":"https:\/\/www.euro-online.org\/websites\/verolog\/wp-json\/wp\/v2\/pages"}],"about":[{"href":"https:\/\/www.euro-online.org\/websites\/verolog\/wp-json\/wp\/v2\/types\/page"}],"author":[{"embeddable":true,"href":"https:\/\/www.euro-online.org\/websites\/verolog\/wp-json\/wp\/v2\/users\/12"}],"replies":[{"embeddable":true,"href":"https:\/\/www.euro-online.org\/websites\/verolog\/wp-json\/wp\/v2\/comments?post=1110"}],"version-history":[{"count":3,"href":"https:\/\/www.euro-online.org\/websites\/verolog\/wp-json\/wp\/v2\/pages\/1110\/revisions"}],"predecessor-version":[{"id":1114,"href":"https:\/\/www.euro-online.org\/websites\/verolog\/wp-json\/wp\/v2\/pages\/1110\/revisions\/1114"}],"wp:attachment":[{"href":"https:\/\/www.euro-online.org\/websites\/verolog\/wp-json\/wp\/v2\/media?parent=1110"}],"curies":[{"name":"wp","href":"https:\/\/api.w.org\/{rel}","templated":true}]}}