{"id":479,"date":"2018-12-28T16:58:49","date_gmt":"2018-12-28T16:58:49","guid":{"rendered":"https:\/\/www.euro-online.org\/websites\/pms\/?page_id=479"},"modified":"2018-12-29T08:40:22","modified_gmt":"2018-12-29T08:40:22","slug":"15th-workshop","status":"publish","type":"page","link":"https:\/\/www.euro-online.org\/websites\/pms\/15th-workshop\/","title":{"rendered":"15th Workshop"},"content":{"rendered":"<div class=\"wpb-content-wrapper\"><p>[vc_row][vc_column][vc_column_text]The 15. International Workshop on Project Management and Scheduling was hosted by the Department of Applied Statistics, Operations Research and Quality, Universitat Polit\u00e8cnica de Val\u00e8ncia in Spain on April 19 &#8211; April 22, 2016<\/p>\n<p>Chairs of the Organizing Committee:<\/p>\n<p>Rub\u00e9n Ruiz\u00a0 (Conference chair)<br \/>\nRam\u00f3n \u00c1lvarez-Vald\u00e9s (Conference co-chair)<\/p>\n<p>Department of Applied Statistics, Operations Research and Quality<br \/>\nUniversitat Polit\u00e8cnica de Val\u00e8ncia<br \/>\nCamino de Vera s\/n, Edificio 7A<br \/>\n46022 Valencia, Spain<\/p>\n<p>&nbsp;<\/p>\n<p>A special post-conference issue of European Journal of Industrial Engineering edited by Rub\u00e9n Ruiz\u00a0 and Ram\u00f3n \u00c1lvarez-Vald\u00e9s was published (vol. 11, No. 6, 2017)[\/vc_column_text][\/vc_column][\/vc_row][vc_row][vc_column][vc_single_image image=&#8221;482&#8243; img_size=&#8221;medium&#8221;][\/vc_column][\/vc_row]<\/p>\n<\/div>","protected":false},"excerpt":{"rendered":"<p>[vc_row][vc_column][vc_column_text]The 15. International Workshop on Project Management and Scheduling was hosted by the Department of Applied Statistics, Operations Research and Quality, Universitat Polit\u00e8cnica de Val\u00e8ncia in Spain on April 19 [&hellip;]<\/p>\n","protected":false},"author":4496,"featured_media":0,"parent":0,"menu_order":0,"comment_status":"closed","ping_status":"closed","template":"","meta":{"footnotes":""},"class_list":["post-479","page","type-page","status-publish","hentry"],"_links":{"self":[{"href":"https:\/\/www.euro-online.org\/websites\/pms\/wp-json\/wp\/v2\/pages\/479"}],"collection":[{"href":"https:\/\/www.euro-online.org\/websites\/pms\/wp-json\/wp\/v2\/pages"}],"about":[{"href":"https:\/\/www.euro-online.org\/websites\/pms\/wp-json\/wp\/v2\/types\/page"}],"author":[{"embeddable":true,"href":"https:\/\/www.euro-online.org\/websites\/pms\/wp-json\/wp\/v2\/users\/4496"}],"replies":[{"embeddable":true,"href":"https:\/\/www.euro-online.org\/websites\/pms\/wp-json\/wp\/v2\/comments?post=479"}],"version-history":[{"count":16,"href":"https:\/\/www.euro-online.org\/websites\/pms\/wp-json\/wp\/v2\/pages\/479\/revisions"}],"predecessor-version":[{"id":533,"href":"https:\/\/www.euro-online.org\/websites\/pms\/wp-json\/wp\/v2\/pages\/479\/revisions\/533"}],"wp:attachment":[{"href":"https:\/\/www.euro-online.org\/websites\/pms\/wp-json\/wp\/v2\/media?parent=479"}],"curies":[{"name":"wp","href":"https:\/\/api.w.org\/{rel}","templated":true}]}}