{"id":111,"date":"2017-02-02T12:16:59","date_gmt":"2017-02-02T12:16:59","guid":{"rendered":"https:\/\/www.euro-online.org\/websites\/demo\/?page_id=111"},"modified":"2017-10-11T14:18:35","modified_gmt":"2017-10-11T14:18:35","slug":"informative-page-1","status":"publish","type":"page","link":"https:\/\/www.euro-online.org\/websites\/or-in-practice\/informative-page-1\/","title":{"rendered":"Case Studies"},"content":{"rendered":"<div class=\"wpb-content-wrapper\"><p>We&#8217;re currently looking for more case studies. A case study presents an example where OR has been applied in practice and is a good way to showcase what we can use OR for. If you are a member of the group and would like to send in your own case study this are the instructions:<\/p>\n<p>A Case Study text should include:<br \/>\nA title that tells what sort of problems (from a practical perspective) that are solved.<br \/>\nA contact person.<br \/>\nA link to more information (can just be your company or so if no specific page exists about it).<br \/>\nBody text that is approximately 1000 characters (including spaces) that describes what have been done.<\/p>\n<p>And if you are not intrigued enough by the case studies below we can also recommend the <a href=\"https:\/\/issuu.com\/orsimpact\/docs\/impact_3-1_web\">&#8220;Impact Magazine&#8221;<\/a> that continuously delivers new interesting article on where OR have made an impact.<\/p>\n<p>[vc_separator]<\/p>\n<p>[vc_row][vc_column][vc_column_text]<\/p>\n<h4>Sport scheduling:<\/h4>\n<p>[\/vc_column_text][vc_column_text]<\/p>\n<p>Sport directly or indirectly affects the lives of millions of people around the world. For professional federations, the quality of the schedules strongly affects their financial turnover (media revenue, sales at stadiums, ticket sales etc.). For non-professional tournaments, it affects the distribution of games, tournament length, travelling distances, associated costs etc. Scheduling sport competitions is a hard combinatorial optimisation problem, studied at length by researchers, at least for some problem variants. Most end-users resort to manual scheduling. In 2005, SINTEF\u2019s optimisation developed CupCom for Profixio AS. This is an optimisation engine for tournament scheduling, which last year scheduled around 150,000 matches of handball, football and volleyball in Norway and Sweden. We have also been helping the Norwegian Football Federation with scheduling their top professional leagues since 2007.<\/p>\n<p>Contact Person: <a href=\"mailto:tomas.nordlander@sintef.no\">Tomas Erik Nordlander<\/a>[\/vc_column_text][vc_column_text]<\/p>\n<h4><\/h4>\n<p><a href=\"http:\/\/www.samprojects.org\/SPORTING\/\" target=\"_blank\" rel=\"noopener noreferrer\">Visit website<\/a>[\/vc_column_text][vc_separator][\/vc_column][\/vc_row][vc_row][vc_column][vc_column_text]<\/p>\n<h4>Liquid gas distribution:<\/h4>\n<p>[\/vc_column_text][vc_column_text]<\/p>\n<p>Air Liquide serves over 3 million customers and patients worldwide. In 2015, trucks delivering Air Liquide liquid gases and gas cylinders to industrial customers traveled 426 million kilometers throughout the world. To improve operational efficiency and decrease the environmental impact of this transportation, Air Liquide uses advanced tools for scheduling and planning. R&amp;D Computational &amp; Data Sciences Lab continues to enhance their performances leveraging knowledge in the Operations Research (OR) field including new forecasting algorithms and optimization techniques. The Inventory Routing Problem (IRP) combining routing decisions with customer selection, delivery timing and volumes is one of the most challenging problem to solve in the OR community. The specificities of the Air Liquide IRP problem add richness and complexity to the highly respected ROADEF\/EURO challenge oragnized by the European and French OR scientific societies, specified and sponsored by Air Liquide in 2016.<\/p>\n<p>Contact Person: <a href=\"mailto:jean.andre@airliquide.com\">Jean Andr\u00e9<\/a>[\/vc_column_text][vc_column_text]<\/p>\n<h4><\/h4>\n<p><a href=\"http:\/\/challenge.roadef.org\/2016\/en\/index.php\">Visit website<\/a>[\/vc_column_text][vc_separator][\/vc_column][\/vc_row][vc_row][vc_column][vc_column_text]<\/p>\n<h4>Production scheduling for oil and gas production:<\/h4>\n<p>[\/vc_column_text][vc_column_text]<\/p>\n<p>Production schedules are key enablers of success for businesses across the manufacturing industry.\u00a0 For many companies in the continuous process industries (oil and gas exploration and processing, petrochemicals, mining, minerals and metals), however, production schedules are created through a surprisingly low-tech approach: Humans working manually with spreadsheets.<br \/>\nHoneywell Process Solutions used optimisation as the foundation of an automated, cutting-edge scheduling solution to market and sell to process manufacturers that can lead to millions in dollars of savings.\u00a0 Use cases include crude-oil, marine and pipeline scheduling, refinery crude oil scheduling and optimisation, process unit scheduling, blend scheduling and optimization, and product distribution to terminals.<\/p>\n<p>Contact Person: <a href=\"mailto:davidwright@fico.com\">David Wright<\/a>[\/vc_column_text][vc_column_text]<\/p>\n<h4><\/h4>\n<p><a href=\"http:\/\/www.fico.com\/en\/latest-thinking\/case-study\/honeywell-schedules-big-profits-for-its-clients-with-fico-xpress-optimization-suite\">Visit website<\/a>[\/vc_column_text][vc_separator][\/vc_column][\/vc_row][vc_row][vc_column][vc_column_text]<\/p>\n<h4>Asset utilisation and maintenance in chemical plants:<\/h4>\n<p>[\/vc_column_text][vc_column_text]<\/p>\n<p>Shell has used optimisation to plan asset utilisation and maintenance requirements of their plants while improving plant stability and profitability.\u00a0 Calculations are performed in real-time and provide the optimal recommended actions for every situation, balancing numerous constraints and objectives.\u00a0 After the system calculates the best actions, the onsite team interacts with a visual tool that gives them the control and flexibility to explore trade-offs and make the best possible decisions for the plant.<\/p>\n<p>Contact Person: <a href=\"mailto:davidwright@fico.com\">David Wright<\/a>[\/vc_column_text][vc_column_text]<\/p>\n<h4><\/h4>\n<p><a href=\"http:\/\/www.fico.com\/en\/latest-thinking\/case-study\/powering-decisions-across-the-energy-lifecycle\">Visit website<\/a>[\/vc_column_text][vc_separator][\/vc_column][\/vc_row][vc_row][vc_column][vc_column_text]<\/p>\n<h4>Financial services in car industry:<\/h4>\n<p>[\/vc_column_text][vc_column_text]<\/p>\n<p>For Toyota Financial Services (TFS), which provides auto financing to more than four million US customers, debt collection historically had been an ongoing challenge.\u00a0 Heavy-handed approaches meant that people could suffer credit score damage or lose their cars entirely; on the flip side, uncollected debt would hurt the bottom line.<br \/>\nTFS turned to a collections treatment solution powered by optimisation and predictive models to infuse statistical and predictive modelling, forecasting, advanced segmentation and optimisation into a single framework to simulate multiple scenarios and deploy the optimal strategy into production.\u00a0 The bottom line was quick ROI that kept thousands of customers in their cars and allowed TFS to grow their portfolio without adding collections headcount.<\/p>\n<p>Contact Person: <a href=\"mailto:davidwright@fico.com\">David Wright<\/a>[\/vc_column_text][vc_column_text]<\/p>\n<h4><\/h4>\n<p><a href=\"http:\/\/www.fico.com\/en\/latest-thinking\/case-study\/toyota-financial-services\">Visit website<\/a>[\/vc_column_text][vc_separator][\/vc_column][\/vc_row][vc_row][vc_column][vc_column_text]<\/p>\n<h4>Airline operations optimisation:<\/h4>\n<p>[\/vc_column_text][vc_column_text]<\/p>\n<p>Southwest Airlines connects people to what\u2019s important in their lives by carrying more than 100 million passengers a year to 93 domestic and international destinations.\u00a0 Southwest was seeking ways to improve customer experience, enhance employee engagement and streamline operations to maximize revenue as the company grows and expands into new markets.<\/p>\n<p>Southwest has successfully implemented optimization projects across the airline \u2014 from fuel purchasing and airplane provisioning to crew planning and ground operations \u2014 and the optimization team has more projects in the works.<\/p>\n<p>Contact Person: <a href=\"mailto:davidwright@fico.com\">David Wright<\/a>[\/vc_column_text][vc_column_text]<\/p>\n<h4><\/h4>\n<p><a href=\"http:\/\/www.fico.com\/en\/latest-thinking\/case-study\/southwest-flies-high-with-fico-xpress-optimization-suite\">Visit website<\/a>[\/vc_column_text][vc_separator][\/vc_column][\/vc_row][vc_row][vc_column][vc_column_text]<\/p>\n<h4>Pricing for financial products:<\/h4>\n<p>[\/vc_column_text][vc_column_text]<\/p>\n<p>Banks have become increasingly competitive with pricing to protect their market share.\u00a0 Unfortunately, these pricing strategies often lead to reduced margins and higher risk.\u00a0 The key is to find a good balance between high profitability and low risk.<br \/>\n\u010cesk\u00e1 Spo\u0159itelna wanted to combat aggressive pricing by competitors, which was cutting into the bank\u2019s market share.\u00a0 The bank\u2019s analysis showed that it could increase the absolute portfolio profit (APP) of pre-approved cash loans by identifying the optimal offer price and initial credit limit for each individual borrower, based on their risk profile, loan appetite, price sensitivity and personal wealth.<br \/>\nWhen the bank\u2019s analysts tested optimised scenarios they estimated a 22% increase in APP and a 25% increase in new sales compared with the prior strategy for pre-approved limits.\u00a0 This is forecast to add $16 million in portfolio profit per year and $41 million in new sales.<\/p>\n<p>Contact Person: <a href=\"mailto:davidwright@fico.com\">David Wright<\/a>[\/vc_column_text][vc_column_text]<\/p>\n<p><a href=\"http:\/\/www.fico.com\/en\/latest-thinking\/case-study\/ceska-sponitelna-maximizes-profitability-with-optimized-credit-decisions\">Visit website<\/a>[\/vc_column_text][vc_separator][\/vc_column][\/vc_row][vc_row][vc_column][vc_column_text]<\/p>\n<\/div>","protected":false},"excerpt":{"rendered":"<p>We&#8217;re currently looking for more case studies. A case study presents an example where OR has been applied in practice and is a good way to showcase what we can [&hellip;]<\/p>\n","protected":false},"author":1,"featured_media":0,"parent":0,"menu_order":0,"comment_status":"closed","ping_status":"closed","template":"","meta":{"footnotes":""},"class_list":["post-111","page","type-page","status-publish","hentry"],"_links":{"self":[{"href":"https:\/\/www.euro-online.org\/websites\/or-in-practice\/wp-json\/wp\/v2\/pages\/111"}],"collection":[{"href":"https:\/\/www.euro-online.org\/websites\/or-in-practice\/wp-json\/wp\/v2\/pages"}],"about":[{"href":"https:\/\/www.euro-online.org\/websites\/or-in-practice\/wp-json\/wp\/v2\/types\/page"}],"author":[{"embeddable":true,"href":"https:\/\/www.euro-online.org\/websites\/or-in-practice\/wp-json\/wp\/v2\/users\/1"}],"replies":[{"embeddable":true,"href":"https:\/\/www.euro-online.org\/websites\/or-in-practice\/wp-json\/wp\/v2\/comments?post=111"}],"version-history":[{"count":13,"href":"https:\/\/www.euro-online.org\/websites\/or-in-practice\/wp-json\/wp\/v2\/pages\/111\/revisions"}],"predecessor-version":[{"id":381,"href":"https:\/\/www.euro-online.org\/websites\/or-in-practice\/wp-json\/wp\/v2\/pages\/111\/revisions\/381"}],"wp:attachment":[{"href":"https:\/\/www.euro-online.org\/websites\/or-in-practice\/wp-json\/wp\/v2\/media?parent=111"}],"curies":[{"name":"wp","href":"https:\/\/api.w.org\/{rel}","templated":true}]}}