{"id":404,"date":"2018-11-27T16:43:48","date_gmt":"2018-11-27T16:43:48","guid":{"rendered":"https:\/\/www.euro-online.org\/websites\/ewgla\/?page_id=404"},"modified":"2018-11-27T16:48:58","modified_gmt":"2018-11-27T16:48:58","slug":"ewgla-viii","status":"publish","type":"page","link":"https:\/\/www.euro-online.org\/websites\/ewgla\/ewgla-viii\/","title":{"rendered":"EWGLA VIII"},"content":{"rendered":"<p><strong>25-27 September 1995, Lambrecht, Germany<\/strong><\/p>\n<p><strong>Organizers: H. W. HAMACHER, S. NICKEL<\/strong><\/p>\n<p><strong>PROGRAM:<\/strong><\/p>\n<ul style=\"margin-left: 30px\">\n<li>Z.DREZNER and G.O.WESOLOWSKY: &#8220;Location Allocation With Demand Costs&#8221;<\/li>\n<li>F.ALMEIDA-RODRIGUEZ, D.MORALES, J.L.RODA, F.GARCIA and C.RODRIQUEZ:&#8221;Design of Parallel Algorithms For The Single Resource Allocation Problem&#8221;<\/li>\n<li>I.CORREIRA and M.E.CAPTIVO: &#8220;A Study On The Capacitated Plant Location Problem&#8221;<\/li>\n<li>D.PEREZ BRITO and J.A. MORENO PEREZ): &#8220;Forests For Solving The\u00a0<em>p<\/em>-Median Problems In General Graphs&#8221;<\/li>\n<li>C.MAUCKNER, H.NOLTEMEIER and S.O.KRUMKE: &#8220;Finding Placement Sequences And Bin Locations For Pick- And Place- Robots&#8221;<\/li>\n<li>F.PLASTRIA: &#8220;Euclidean Minimal Covering Problems&#8221;<\/li>\n<li>H.MARTINI: &#8220;A Geometric Generalization of Fasbender&#8217;s Duality&#8221;<\/li>\n<li>F.FERNANDEZ and J.PUERTO: &#8220;The Polyhedral Norm Approach To Facility Location Problems&#8221;<\/li>\n<li>J.A.MESA: &#8220;The Conditional Path Center Problem In Tree Graphs&#8221;<\/li>\n<li>Anita SCH\u00d6BEL: &#8220;Locating Least-Distance Lines With Block-Norms&#8221;<\/li>\n<li>D.CIESLIK: &#8220;Methods To Finds Steiner Minimal Trees In Banach-Minkowski Planes&#8221;<\/li>\n<li>A.SCHNEIDER: &#8220;A Classification Scheme For Location Problems&#8221;<\/li>\n<li>I.THOMAS and D.PEETERS: &#8220;Choosing A Measure Of Distance For Applied Location-Allocation Models: Simulations Based On The\u00a0<em>lp<\/em>-Distance And The\u00a0<em>k<\/em>-Median Model&#8221;<\/li>\n<li>P.H.PEETERS: &#8220;Some Algorithms For The Minquantile Location Problems On Networks&#8221;<\/li>\n<li>J.A.MESA L\u00d3PEZ-COLMENAR and F.A.ORTEGA RIEJOS: &#8220;Determining Regular Planar Networks For Each Given\u00a0<em>lp<\/em> Function (<em>p<\/em> in [0,2) )&#8221;<\/li>\n<li>N.GUTTMANN and R.HASSIN: &#8220;Approximation Algorithms For Minimum Tree Partition&#8221;<\/li>\n<li>M.MU\u00d1OZ-M\u00c1RQUEZ, E.CARRIZOSA and J.PUERTO: &#8220;The Regional Weber Problem&#8221;<\/li>\n<li>P.L.PAPINI: &#8220;Perturbation Of Sets And Medians&#8221;<\/li>\n<li>N.MLADENOVIC, J.A. MORENO PEREZ and J.M. MORENO VARGAS: &#8220;An Statistical Analysis Of Strategies For Multistart Heuristic Searches For\u00a0<em>p<\/em>-Facility Location-Allocation Problems&#8221;<\/li>\n<li>G.NAGY and S.SALHI: &#8220;Nested Heuristic Methods For Location-Routing Problems&#8221;<\/li>\n<li>A.M.S\u00c1NCHEZ SOLANA, J.I.PEL\u00c1EZ S\u00c1NCHEZ and J.MU\u00d1OZ PEREZ: &#8220;A System Of Genetic Algorithms For The Optimisation Of The Vehicle Routing Problem With Time-Capacity And An Access-Exit Intermission Node&#8221;<\/li>\n<li>H.W.HAMACHER: &#8220;Discretization Of Planar Location Problems&#8221;<\/li>\n<li>K.KLAMROTH: &#8220;Planar Location Problems With Line Barriers&#8221;<\/li>\n<li>S.NICKEL: &#8220;Location Problems With Multiple Criteria Under Polyhedral Gauges&#8221;<\/li>\n<li>S.O.KRUMKE, H.NOLTEMEIER, S.S.RAVI and M.V.MARATHE: &#8220;Bicriteria Location Problems&#8221;<\/li>\n<li>C.WANKA: &#8220;Location, Duality And The Variational Principle&#8221;<\/li>\n<li>C.TAMMER: &#8220;Approximate Solutions Of Vector- Valued Location Problems&#8221;<\/li>\n<li>M.C.FONSECA and M.E.CAPTIVO: &#8220;Location With Two Objectives&#8221;<\/li>\n<li>V.CHEPOI: &#8220;Efficient Points Of Simple Rectilinear Polygons&#8221;<\/li>\n<li>N.MLADENOVIC and J.BRIMBERG: &#8220;A Variable Neighbourhood Algorithm For Solving The Continuous Location-Allocation Problem&#8221;<\/li>\n<li>D.PEETERS and J.F.THISSE: &#8220;The Production-Location Problem Revisited&#8221;<\/li>\n<li>F.PLASTRIA and E.CARRIZOSA PRIEGO : &#8220;Locating An Undesirable Facility By Generalized Cutting Planes&#8221;<\/li>\n<li>C.FERREIRA, M.CAPTIVO, B.S.SANTOS and J.CLIMACO: &#8220;On Locating Undesirable Facilities&#8221;<\/li>\n<li>J.KARKAZIS: &#8220;Location Of Facilities Using Discretized (&#8216;Kvantum&#8217;) Search&#8221;&#8221;<\/li>\n<li>I.GIANNIKOS and E.RIZAKOU: &#8220;The Use Of A Flexible Planning Methodology In Making Locatinal Decisions Under Uncertainty&#8221;<\/li>\n<li>A.RODRIGUEZ-CHIA and J.PUERTO: &#8220;A dynamic version of the Weber problem&#8221;<\/li>\n<li>F.SALANDHA DA GAMA and M.E.CAPTIVO: &#8220;The Dynamic Approach to Weber Problem&#8221;<\/li>\n<\/ul>\n<p><strong>LIST OF PARTICIPANTS:<\/strong><\/p>\n<p>ALMEIDA RODRIGUEZ Paco (Spain), BECKER Horst (Germany), BRAKHAGE Helmut (Germany), BROCKMANN Annette (Germany), BREITENBACH Harald (Germany), CARBONE A. (Italy), CHEPOI Victor (Germany), CIESLIK Dietmar (Germany), CORREIRA Isabel (Portugal), CUNTZ Michael (Germany), DREZNER Zvi (USA), DUDENH\u00d6FER Eva-Maria (Germany), EHRGOTT Matthias (Germany), FERNANDEZ GARCIA Francisco Ramon (Spain), FERREIRA Carlos (Portugal), FLIEGE J\u00f6rg (Germany), FONSECA M. Conceicao (Portugal), FRANCIS R. L. (USA), GIANNIKOS Ioannis (United Kingdom), GUTTMANN Nili (Israel), HAMACHER Horst W. (Germany), K\u00c4FER Barbara (Germany), KARKAZIS John (Greece), KLAMROTH Kathrin (Germany), KOHL Thorsten (Germany), KREIBLICH Matthias (Germany), KRUMKE Oliver (Germany), K\u00dcFER Karlheinz (Germany), LEIPE Ralf (Germany), LUPASCU Doru (Germany), MARKS Stefanie (Germany), MARTINI Horst (Germany), MAUCKNER Christian (Germany), M\u00c4URER Gunter (Germany), MESA LOPEZ-COLMENAR Juan Antonio (Spain), MICHELOT Christian (France), MLADENOVIC Nenad (Canada), M\u00d6LLER Volker (Germany), MORENO PEREZ Jos\u00e9 Andres (Spain), MUNOZ-MARQUEZ Manuel (Spain), M\u00dcLLER Antje (Germany), M\u00dcLLER Frantz (Germany), M\u00dcLLER Martin C. (Germany), NAGY Gabor (United Germany), NDIAYE Malick M. (Germany), NICKEL Stefan (Germany), NOLTEMEIER Hartmut (Germany), ORTEGA RIEJOS Francisco Alonso (Spain), PAPINI Pier Luigi (Italy), PEETERS Dominique (Belgium), PEETERS Peter H. (Belgium), PELAEZ SANCHEZ Jose Ignacio (Spain), PEREZ BRITO Dionisio (Spain), PLASTRIA Frank (Belgium), PUERTO ALBANDOZ Justo (Spain), RODRIGUEZ-CHIA Antonio M. (Spain), ROOS Thomas (Germany), SALDANHA-DA-GAMA Francisco (Portugal), SALHI Said (United Kingdom), SANCHEZ SOLANA Antonio Miguel (Spain), SCH\u00d6BEL Anita (Germany), SCHNEIDER Anja (Germany), SCHWEIGERT Dietmar (Germany), TAMMER Christiane (Germany), THOMAS Isabele M. L. A. (Belgium), VINCE Andrew (USA), WANKA Gert (Germany), WEISSLER Ansgar (Germany), WIECEK Margaret (USA)<\/p>\n<p><strong>PROCEEDINGS:<\/strong><\/p>\n<p>Recent Advances in Locational Analysis, 176 p.<br \/>\neditors: H. HAMACHER, K. KLAMROTH and S. NICKEL<br \/>\n<a href=\"http:\/\/www.vub.ac.be\/EWGLA\/STUDIES\/main.html#10\" target=\"_top\">Studies in Locational Analysis, Issue 10<\/a>.<br \/>\nISSN 1105-5162<\/p>\n","protected":false},"excerpt":{"rendered":"<p>25-27 September 1995, Lambrecht, Germany Organizers: H. W. HAMACHER, S. NICKEL PROGRAM: Z.DREZNER and G.O.WESOLOWSKY: &#8220;Location Allocation With Demand Costs&#8221; F.ALMEIDA-RODRIGUEZ, D.MORALES, J.L.RODA, F.GARCIA and C.RODRIQUEZ:&#8221;Design of Parallel Algorithms For [&hellip;]<\/p>\n","protected":false},"author":4152,"featured_media":0,"parent":0,"menu_order":0,"comment_status":"closed","ping_status":"closed","template":"","meta":{"footnotes":""},"class_list":["post-404","page","type-page","status-publish","hentry"],"_links":{"self":[{"href":"https:\/\/www.euro-online.org\/websites\/ewgla\/wp-json\/wp\/v2\/pages\/404"}],"collection":[{"href":"https:\/\/www.euro-online.org\/websites\/ewgla\/wp-json\/wp\/v2\/pages"}],"about":[{"href":"https:\/\/www.euro-online.org\/websites\/ewgla\/wp-json\/wp\/v2\/types\/page"}],"author":[{"embeddable":true,"href":"https:\/\/www.euro-online.org\/websites\/ewgla\/wp-json\/wp\/v2\/users\/4152"}],"replies":[{"embeddable":true,"href":"https:\/\/www.euro-online.org\/websites\/ewgla\/wp-json\/wp\/v2\/comments?post=404"}],"version-history":[{"count":1,"href":"https:\/\/www.euro-online.org\/websites\/ewgla\/wp-json\/wp\/v2\/pages\/404\/revisions"}],"predecessor-version":[{"id":409,"href":"https:\/\/www.euro-online.org\/websites\/ewgla\/wp-json\/wp\/v2\/pages\/404\/revisions\/409"}],"wp:attachment":[{"href":"https:\/\/www.euro-online.org\/websites\/ewgla\/wp-json\/wp\/v2\/media?parent=404"}],"curies":[{"name":"wp","href":"https:\/\/api.w.org\/{rel}","templated":true}]}}