{"id":980,"date":"2025-09-26T12:19:20","date_gmt":"2025-09-26T12:19:20","guid":{"rendered":"https:\/\/www.euro-online.org\/websites\/esicup\/?page_id=980"},"modified":"2026-03-05T18:57:45","modified_gmt":"2026-03-05T18:57:45","slug":"22nd-esicup-meeting","status":"publish","type":"page","link":"https:\/\/www.euro-online.org\/websites\/esicup\/22nd-esicup-meeting\/","title":{"rendered":"22nd ESICUP Meeting"},"content":{"rendered":"\n<h2 class=\"wp-block-heading\">Natal, Brazil  | 27 &#8211; 30 April, 2026<\/h2>\n\n\n\n<figure class=\"wp-block-gallery has-nested-images columns-default is-cropped wp-block-gallery-1 is-layout-flex wp-block-gallery-is-layout-flex\">\n<figure class=\"wp-block-image size-large\"><img loading=\"lazy\" decoding=\"async\" width=\"1024\" height=\"680\" data-id=\"1020\" src=\"https:\/\/www.euro-online.org\/websites\/esicup\/wp-content\/uploads\/sites\/12\/2025\/12\/Seaside_Natal_1-1024x680.jpg\" alt=\"\" class=\"wp-image-1020\" srcset=\"https:\/\/www.euro-online.org\/websites\/esicup\/wp-content\/uploads\/sites\/12\/2025\/12\/Seaside_Natal_1-1024x680.jpg 1024w, https:\/\/www.euro-online.org\/websites\/esicup\/wp-content\/uploads\/sites\/12\/2025\/12\/Seaside_Natal_1-300x199.jpg 300w, https:\/\/www.euro-online.org\/websites\/esicup\/wp-content\/uploads\/sites\/12\/2025\/12\/Seaside_Natal_1-768x510.jpg 768w, https:\/\/www.euro-online.org\/websites\/esicup\/wp-content\/uploads\/sites\/12\/2025\/12\/Seaside_Natal_1-1536x1020.jpg 1536w, https:\/\/www.euro-online.org\/websites\/esicup\/wp-content\/uploads\/sites\/12\/2025\/12\/Seaside_Natal_1-2048x1360.jpg 2048w, https:\/\/www.euro-online.org\/websites\/esicup\/wp-content\/uploads\/sites\/12\/2025\/12\/Seaside_Natal_1-357x238.jpg 357w\" sizes=\"(max-width: 1024px) 100vw, 1024px\" \/><\/figure>\n\n\n\n<figure class=\"wp-block-image size-large\"><img loading=\"lazy\" decoding=\"async\" width=\"1024\" height=\"719\" data-id=\"1018\" src=\"https:\/\/www.euro-online.org\/websites\/esicup\/wp-content\/uploads\/sites\/12\/2025\/12\/Seaside_Natal_2-1024x719.jpeg\" alt=\"\" class=\"wp-image-1018\" srcset=\"https:\/\/www.euro-online.org\/websites\/esicup\/wp-content\/uploads\/sites\/12\/2025\/12\/Seaside_Natal_2-1024x719.jpeg 1024w, https:\/\/www.euro-online.org\/websites\/esicup\/wp-content\/uploads\/sites\/12\/2025\/12\/Seaside_Natal_2-300x211.jpeg 300w, https:\/\/www.euro-online.org\/websites\/esicup\/wp-content\/uploads\/sites\/12\/2025\/12\/Seaside_Natal_2-768x539.jpeg 768w, https:\/\/www.euro-online.org\/websites\/esicup\/wp-content\/uploads\/sites\/12\/2025\/12\/Seaside_Natal_2-1536x1078.jpeg 1536w, https:\/\/www.euro-online.org\/websites\/esicup\/wp-content\/uploads\/sites\/12\/2025\/12\/Seaside_Natal_2-2048x1438.jpeg 2048w\" sizes=\"(max-width: 1024px) 100vw, 1024px\" \/><\/figure>\n\n\n\n<figure class=\"wp-block-image size-large\"><img loading=\"lazy\" decoding=\"async\" width=\"1024\" height=\"768\" data-id=\"1019\" src=\"https:\/\/www.euro-online.org\/websites\/esicup\/wp-content\/uploads\/sites\/12\/2025\/12\/Seaside_Natal_3-1024x768.jpg\" alt=\"\" class=\"wp-image-1019\" srcset=\"https:\/\/www.euro-online.org\/websites\/esicup\/wp-content\/uploads\/sites\/12\/2025\/12\/Seaside_Natal_3-1024x768.jpg 1024w, https:\/\/www.euro-online.org\/websites\/esicup\/wp-content\/uploads\/sites\/12\/2025\/12\/Seaside_Natal_3-300x225.jpg 300w, https:\/\/www.euro-online.org\/websites\/esicup\/wp-content\/uploads\/sites\/12\/2025\/12\/Seaside_Natal_3-768x576.jpg 768w, https:\/\/www.euro-online.org\/websites\/esicup\/wp-content\/uploads\/sites\/12\/2025\/12\/Seaside_Natal_3-1536x1152.jpg 1536w, https:\/\/www.euro-online.org\/websites\/esicup\/wp-content\/uploads\/sites\/12\/2025\/12\/Seaside_Natal_3.jpg 2048w\" sizes=\"(max-width: 1024px) 100vw, 1024px\" \/><\/figure>\n<\/figure>\n\n\n\n<h2 class=\"wp-block-heading\">Meeting aims and objectives <\/h2>\n\n\n\n<p>ESICUP gathers practitioners, researchers and Operations Research educators with interests in the area of Cutting and Packing. The purpose of ESICUP is to improve communication among individuals working in this field.<\/p>\n\n\n\n<p>The 22nd ESICUP Meeting in Natal (Brazil) is the 2026 regular meeting of ESICUP and follows meetings in Wittenberg (Germany), Southampton (United Kingdom), Porto (Portugal), Tokyo (Japan), L\u2019Aquila (Italy), Valencia (Spain), Buenos Aires (Argentina), Copenhagen (Denmark), La Laguna (Spain), Lille (France), Beijing (China), Portsmouth (UK), Ibiza (Spain), Li\u00e8ge (Belgium), Zoetermeer (The Netherlands), Mexico City (Mexico),2021 \u2013 online (ZOOM), Toledo (Spain), Bologna (Italy), Guimar\u00e3es (Portugal), and Cestas-Bordeaux (France) last year.<\/p>\n\n\n\n<p>Besides the promotion of publications, the activities of the group include the maintenance of a web page and the organization of meetings. Founded in 1988, during the EURO\/TIMS Conference in Paris, by Prof. Gerhard Waescher and Prof. Harald Dyckhoff. Under the coordination of Gerhard W\u00e4scher, Jos\u00e9 Fernando Oliveira, Julia Bennell, and Tony Wauters, the group has grown and now has around 600 members all over the world. ESICUP is since 2003 a Working Group of the Association of European Operational Research Societies (EURO).<\/p>\n\n\n\n<p><strong>Topics of interest<\/strong><\/p>\n\n\n\n<p>In this meeting contributions dealing with any aspect of the Cutting and Packing problems formulation, resolution or application are welcomed. This includes theoretical achievements, algorithms development and real-world implementations. Different problems, related with Cutting and Packing, are also welcomed.&nbsp;<\/p>\n\n\n\n<h2 class=\"wp-block-heading\">Committees<\/h2>\n\n\n\n<p><strong>Organising Committee<\/strong><\/p>\n\n\n\n<p>Adriana Cristina Cherri, S\u00e3o Paulo State University<br>Jos\u00e9 Fernando Oliveira, University of Porto<br>Tony Wauters, KU Leuven<\/p>\n\n\n\n<p><strong>Program Committee<\/strong><\/p>\n\n\n\n<p>Tony Wauters (Chair), KU Leuven<br>Fran\u00e7ois Clautiaux, Universit\u00e9 de Bordeaux<br>Michele Monaci, University of Bologna<br>Antonio Martinez, University of Southampton<br>Elsa Silva, University of Minho<br>C\u00e9lia Paquay, University of Li\u00e8ge<br>Francisco Parre\u00f1o, Universidad de Castilla-La Mancha<br>Ant\u00f3nio Galr\u00e3o Ramos, ISEP<\/p>\n\n\n\n<h2 class=\"wp-block-heading\">Abstract submission<\/h2>\n\n\n\n<p>Please submit your abstract at: <a href=\"https:\/\/www.euro-online.org\/conf\/esicup22\/\">https:\/\/www.euro-online.org\/conf\/esicup22\/<\/a><\/p>\n\n\n\n<h2 class=\"wp-block-heading\">Important dates<\/h2>\n\n\n\n<p><strong>Submission of abstracts &#8211; Still accepting submissions until March 6<\/strong>, 2026<\/p>\n\n\n\n<p>Notification of acceptance of abstracts &#8211; March 7, 2026<\/p>\n\n\n\n<p>Registration &#8211; March 30, 2026&nbsp;<strong>(no late registration will be considered)<\/strong><\/p>\n\n\n\n<p>Meeting &#8211; April 27 to April 30, 2026<\/p>\n\n\n\n<h2 class=\"wp-block-heading\">General schedule<\/h2>\n\n\n\n<p>Monday, April 27 &#8211; Opening session after lunch. Get-together cocktail, by the end of the day.&nbsp;<\/p>\n\n\n\n<p>Tuesday, April 28 &#8211; Morning sessions. Lunch. Afternoon sessions. Meeting dinner in the evening.<\/p>\n\n\n\n<p>Wednesday, April 29 &#8211;&nbsp;Morning sessions. Lunch. Afternoon sessions.&nbsp;<\/p>\n\n\n\n<p>Thursday, April 30 &#8211; Morning sessions. Closing session before lunch. Lunch.<\/p>\n\n\n\n<h2 class=\"wp-block-heading\">Keynote speakers<\/h2>\n\n\n\n<p><strong>Franklina M. B. Toledo<\/strong>, Universidade de S\u00e3o Paulo &#8211; Campus S\u00e3o Carlos, Brazil<\/p>\n\n\n\n<p><strong>Tony Wauters<\/strong>, KU Leuven, Belgium<\/p>\n\n\n\n<p><\/p>\n\n\n\n<h2 class=\"wp-block-heading\">Registration and payment details<br><br><em><mark class=\"has-inline-color has-luminous-vivid-orange-color\"><strong>Registration form:<\/strong> <a href=\"https:\/\/forms.gle\/cqgw1uXjdANQJC4k9\" data-type=\"link\" data-id=\"https:\/\/forms.gle\/cqgw1uXjdANQJC4k9\">REGISTER HERE<\/a><\/mark><\/em><\/h2>\n\n\n\n<p><\/p>\n\n\n\n<p>Local travel agency, Neto Viagens, \u2066Av Joaquim Ferraz De Almeida Prado, 203 &#8211; Jardim S\u00e3o Francisco. Ja\u00fa &#8211; SP\u2069\u2066.&nbsp;CEP: 17209-255, Brazil Tel.:&nbsp;+55 14 3416-2777&nbsp;Mobile\/WhatsApp:&nbsp;+55 14 3416-2777&nbsp;<\/p>\n\n\n\n<p>E-mail:&nbsp;neto@netoviagens.com.br<\/p>\n\n\n\n<p>web:&nbsp;https:\/\/netoviagens.com.br<\/p>\n\n\n\n<p><br>Bank transfer to&nbsp;<br>&nbsp; &nbsp; Neto Viagens Ltda<br>&nbsp; &nbsp;&nbsp;\u2066IBAN:&nbsp;<strong>BR6600416968000010102161526C1<\/strong><\/p>\n\n\n\n<p><em>All issues regarding registration fees, invoices and payments will be handled by the travel agency Neto Viagens.<\/em><\/p>\n\n\n\n<h2 class=\"wp-block-heading\"><\/h2>\n\n\n\n<h2 class=\"wp-block-heading\">Fees<\/h2>\n\n\n\n<p><strong><em>Registration fee<\/em><\/strong><\/p>\n\n\n\n<p>Registration in the meeting, including welcome cocktail, coffee breaks, lunches and meeting dinner \u2013 <strong>1000 Reais<\/strong>.<\/p>\n\n\n\n<p><em><strong>NEW<\/strong>!: Due to the difficulty that overseas participants have had transferring the registration fee in reais, we have opened the possibility of paying the fee in euros. Due to the current conversion rate and additional taxes, participants are required to transfer <strong>180 euros<\/strong>.<\/em><\/p>\n\n\n\n<p><strong><em>Accompanying person fee<\/em><\/strong><br>Welcome cocktail and meeting dinner \u2013 <strong>340 Reais<\/strong> (<em>please make the payment in Reais<\/em>)<\/p>\n\n\n\n<h2 class=\"wp-block-heading\">Supporting Grants<\/h2>\n\n\n\n<p>Four grants, each covering the registration fee, are available. All students are eligible for these grants, but preference will be given to PhD students. Candidates should apply when filling in the registration form. Proof of student status can be provided through a letter from a supervisor, a link to a student page on the university website, or equivalent means. Grant holders must present an accepted communication at the meeting.&nbsp;<\/p>\n\n\n\n<h2 class=\"wp-block-heading\">Meeting location \/ venue<\/h2>\n\n\n\n<p>Praiamar Natal Hotel &amp; Convention<br>R. Francisco Gurgel, 33 &#8211; Ponta Negra &#8211; Natal, RN, 59090-050, Brazil<br>Tel:&nbsp;<a href=\"tel:+558432192230\">+55 84 3219-2230<\/a><br>web:&nbsp;<a href=\"http:\/\/www.praiamarnatal.com.br\/\">www.praiamarnatal.com.br<\/a><\/p>\n\n\n\n<figure class=\"wp-block-image size-large\"><img loading=\"lazy\" decoding=\"async\" width=\"1024\" height=\"683\" src=\"https:\/\/www.euro-online.org\/websites\/esicup\/wp-content\/uploads\/sites\/12\/2025\/12\/Hotel_facade-3-1024x683.jpeg\" alt=\"\" class=\"wp-image-1014\" srcset=\"https:\/\/www.euro-online.org\/websites\/esicup\/wp-content\/uploads\/sites\/12\/2025\/12\/Hotel_facade-3-1024x683.jpeg 1024w, https:\/\/www.euro-online.org\/websites\/esicup\/wp-content\/uploads\/sites\/12\/2025\/12\/Hotel_facade-3-300x200.jpeg 300w, https:\/\/www.euro-online.org\/websites\/esicup\/wp-content\/uploads\/sites\/12\/2025\/12\/Hotel_facade-3-768x512.jpeg 768w, https:\/\/www.euro-online.org\/websites\/esicup\/wp-content\/uploads\/sites\/12\/2025\/12\/Hotel_facade-3-1536x1024.jpeg 1536w, https:\/\/www.euro-online.org\/websites\/esicup\/wp-content\/uploads\/sites\/12\/2025\/12\/Hotel_facade-3-2048x1366.jpeg 2048w, https:\/\/www.euro-online.org\/websites\/esicup\/wp-content\/uploads\/sites\/12\/2025\/12\/Hotel_facade-3-357x238.jpeg 357w\" sizes=\"(max-width: 1024px) 100vw, 1024px\" \/><\/figure>\n\n\n\n<div class=\"wp-block-group\"><div class=\"wp-block-group__inner-container is-layout-constrained wp-block-group-is-layout-constrained\">\n<div class=\"wp-block-group\"><div class=\"wp-block-group__inner-container is-layout-constrained wp-block-group-is-layout-constrained\">\n<div class=\"wp-block-columns is-layout-flex wp-container-core-columns-is-layout-1 wp-block-columns-is-layout-flex\">\n<div class=\"wp-block-column is-layout-flow wp-block-column-is-layout-flow\">\n<figure class=\"wp-block-image size-large\"><img loading=\"lazy\" decoding=\"async\" width=\"1024\" height=\"683\" src=\"https:\/\/www.euro-online.org\/websites\/esicup\/wp-content\/uploads\/sites\/12\/2025\/12\/Hotel_breakfast-1024x683.jpeg\" alt=\"\" class=\"wp-image-1013\" srcset=\"https:\/\/www.euro-online.org\/websites\/esicup\/wp-content\/uploads\/sites\/12\/2025\/12\/Hotel_breakfast-1024x683.jpeg 1024w, https:\/\/www.euro-online.org\/websites\/esicup\/wp-content\/uploads\/sites\/12\/2025\/12\/Hotel_breakfast-300x200.jpeg 300w, https:\/\/www.euro-online.org\/websites\/esicup\/wp-content\/uploads\/sites\/12\/2025\/12\/Hotel_breakfast-768x512.jpeg 768w, https:\/\/www.euro-online.org\/websites\/esicup\/wp-content\/uploads\/sites\/12\/2025\/12\/Hotel_breakfast-1536x1024.jpeg 1536w, https:\/\/www.euro-online.org\/websites\/esicup\/wp-content\/uploads\/sites\/12\/2025\/12\/Hotel_breakfast-2048x1366.jpeg 2048w, https:\/\/www.euro-online.org\/websites\/esicup\/wp-content\/uploads\/sites\/12\/2025\/12\/Hotel_breakfast-357x238.jpeg 357w\" sizes=\"(max-width: 1024px) 100vw, 1024px\" \/><\/figure>\n<\/div>\n\n\n\n<div class=\"wp-block-column is-layout-flow wp-block-column-is-layout-flow\">\n<figure class=\"wp-block-image size-large\"><img loading=\"lazy\" decoding=\"async\" width=\"1024\" height=\"683\" src=\"https:\/\/www.euro-online.org\/websites\/esicup\/wp-content\/uploads\/sites\/12\/2025\/12\/Hotel_airview-1-1024x683.jpeg\" alt=\"\" class=\"wp-image-1010\" srcset=\"https:\/\/www.euro-online.org\/websites\/esicup\/wp-content\/uploads\/sites\/12\/2025\/12\/Hotel_airview-1-1024x683.jpeg 1024w, https:\/\/www.euro-online.org\/websites\/esicup\/wp-content\/uploads\/sites\/12\/2025\/12\/Hotel_airview-1-300x200.jpeg 300w, https:\/\/www.euro-online.org\/websites\/esicup\/wp-content\/uploads\/sites\/12\/2025\/12\/Hotel_airview-1-768x512.jpeg 768w, https:\/\/www.euro-online.org\/websites\/esicup\/wp-content\/uploads\/sites\/12\/2025\/12\/Hotel_airview-1-1536x1024.jpeg 1536w, https:\/\/www.euro-online.org\/websites\/esicup\/wp-content\/uploads\/sites\/12\/2025\/12\/Hotel_airview-1-2048x1366.jpeg 2048w, https:\/\/www.euro-online.org\/websites\/esicup\/wp-content\/uploads\/sites\/12\/2025\/12\/Hotel_airview-1-357x238.jpeg 357w\" sizes=\"(max-width: 1024px) 100vw, 1024px\" \/><\/figure>\n<\/div>\n\n\n\n<div class=\"wp-block-column is-layout-flow wp-block-column-is-layout-flow\">\n<figure class=\"wp-block-image size-large\"><img loading=\"lazy\" decoding=\"async\" width=\"1024\" height=\"683\" src=\"https:\/\/www.euro-online.org\/websites\/esicup\/wp-content\/uploads\/sites\/12\/2025\/12\/Hotel_bedroom-1024x683.jpeg\" alt=\"\" class=\"wp-image-1011\" srcset=\"https:\/\/www.euro-online.org\/websites\/esicup\/wp-content\/uploads\/sites\/12\/2025\/12\/Hotel_bedroom-1024x683.jpeg 1024w, https:\/\/www.euro-online.org\/websites\/esicup\/wp-content\/uploads\/sites\/12\/2025\/12\/Hotel_bedroom-300x200.jpeg 300w, https:\/\/www.euro-online.org\/websites\/esicup\/wp-content\/uploads\/sites\/12\/2025\/12\/Hotel_bedroom-768x512.jpeg 768w, https:\/\/www.euro-online.org\/websites\/esicup\/wp-content\/uploads\/sites\/12\/2025\/12\/Hotel_bedroom-1536x1024.jpeg 1536w, https:\/\/www.euro-online.org\/websites\/esicup\/wp-content\/uploads\/sites\/12\/2025\/12\/Hotel_bedroom-2048x1366.jpeg 2048w, https:\/\/www.euro-online.org\/websites\/esicup\/wp-content\/uploads\/sites\/12\/2025\/12\/Hotel_bedroom-357x238.jpeg 357w\" sizes=\"(max-width: 1024px) 100vw, 1024px\" \/><\/figure>\n<\/div>\n<\/div>\n\n\n\n<h2 class=\"wp-block-heading\">Accommodation<\/h2>\n\n\n\n<p>Accommodation at the conference venue is available to book in three different ways:<br><em><br>1)&nbsp;Booking.com<\/em><br>Prices and conditions are available at the time of booking.&nbsp;Payment can be made by credit card.<br><em><br>2) Directly through the hotel<\/em><br><a href=\"https:\/\/book.omnibees.com\/hotelresults?c=1630&amp;q=2623&amp;hotel_folder=&amp;NRooms=1&amp;CheckIn=26042026&amp;CheckOut=02052026&amp;ad=1&amp;ch=0&amp;ag=&amp;Code=esicup\" target=\"_blank\" rel=\"noreferrer noopener\">https:\/\/book.omnibees.com\/hotelresults?c=1630&amp;q=2623&amp;hotel_folder=&amp;NRooms=1&amp;CheckIn=26042026&amp;CheckOut=02052026&amp;ad=1&amp;ch=0&amp;ag=&amp;Code=esicup<\/a><br>Promotion code &#8220;ESICUP&#8221;<br>Price per night: Single R$ 465,00 &#8211; Double R$ 508,00&nbsp;<br>Payment can be made by credit card, bank transfer or at the hotel.<\/p>\n\n\n\n<p><em>3) Through the local travel agency<\/em><br>Price under consultation.<br>The price will be no higher than if booked directly through the hotel, but special promotions available only to tour operators may be in place at the time of booking, offering lower prices.<br>Payment can be made by bank transfer.<br>Proforma invoices and customised invoices are available on request.<br>Contact is also available via WhatsApp.<\/p>\n<\/div><\/div>\n<\/div><\/div>\n\n\n\n<h2 class=\"wp-block-heading\">Travel suggestions<\/h2>\n\n\n\n<p><strong>Tour suggestions<\/strong><br>A vast set of tours is available through this link:<br><a href=\"https:\/\/luckreceptivo.com.br\/?parceiro=RTZX\">https:\/\/luckreceptivo.com.br\/?parceiro=RTZX<\/a><br>In the menu &#8220;Destinations&#8221; choose Natal.<br>Payment by credit card.<br>NOTE: when you use the link above, you will be linked to our local travel agency (check &#8216;Cod. Parceiro: RTZX&#8217; at the top left of the screen). This will give you access to a local contact and assistance at no extra charge.&nbsp; &nbsp;<\/p>\n","protected":false},"excerpt":{"rendered":"<p>Natal, Brazil | 27 &#8211; 30 April, 2026 Meeting aims and objectives ESICUP gathers practitioners, researchers and Operations Research educators with interests in the area of Cutting and Packing. The [&hellip;]<\/p>\n","protected":false},"author":5574,"featured_media":0,"parent":0,"menu_order":0,"comment_status":"closed","ping_status":"closed","template":"","meta":{"footnotes":""},"class_list":["post-980","page","type-page","status-publish","hentry"],"_links":{"self":[{"href":"https:\/\/www.euro-online.org\/websites\/esicup\/wp-json\/wp\/v2\/pages\/980"}],"collection":[{"href":"https:\/\/www.euro-online.org\/websites\/esicup\/wp-json\/wp\/v2\/pages"}],"about":[{"href":"https:\/\/www.euro-online.org\/websites\/esicup\/wp-json\/wp\/v2\/types\/page"}],"author":[{"embeddable":true,"href":"https:\/\/www.euro-online.org\/websites\/esicup\/wp-json\/wp\/v2\/users\/5574"}],"replies":[{"embeddable":true,"href":"https:\/\/www.euro-online.org\/websites\/esicup\/wp-json\/wp\/v2\/comments?post=980"}],"version-history":[{"count":37,"href":"https:\/\/www.euro-online.org\/websites\/esicup\/wp-json\/wp\/v2\/pages\/980\/revisions"}],"predecessor-version":[{"id":1066,"href":"https:\/\/www.euro-online.org\/websites\/esicup\/wp-json\/wp\/v2\/pages\/980\/revisions\/1066"}],"wp:attachment":[{"href":"https:\/\/www.euro-online.org\/websites\/esicup\/wp-json\/wp\/v2\/media?parent=980"}],"curies":[{"name":"wp","href":"https:\/\/api.w.org\/{rel}","templated":true}]}}