{"id":83,"date":"2017-01-21T12:38:20","date_gmt":"2017-01-21T12:38:20","guid":{"rendered":"https:\/\/www.euro-online.org\/websites\/demo\/?page_id=83"},"modified":"2026-02-20T14:28:24","modified_gmt":"2026-02-20T14:28:24","slug":"europt-fellows","status":"publish","type":"page","link":"https:\/\/www.euro-online.org\/websites\/continuous-optimization\/europt-fellows\/","title":{"rendered":"EUROPT Fellows"},"content":{"rendered":"<div class=\"wpb-content-wrapper\"><p>[vc_row][vc_column width=&#8221;1\/4&#8243;][vc_column_text css=&#8221;&#8221;]<\/p>\n<h1 style=\"text-align: center;\"><strong>2026<\/strong><\/h1>\n<p>[\/vc_column_text][vc_single_image image=&#8221;1057&#8243; alignment=&#8221;center&#8221; onclick=&#8221;link_image&#8221; css=&#8221;&#8221;][vc_column_text css=&#8221;&#8221;]<\/p>\n<p style=\"text-align: center;\"><a href=\"https:\/\/sites.google.com\/site\/homepageetiennedeklerk\/\" target=\"_blank\" rel=\"noopener noreferrer\"><b>Etienne de Klerk<\/b><\/a><\/p>\n<p style=\"text-align: center;\">Universiteit van Tilburg<\/p>\n<p>[\/vc_column_text][\/vc_column][vc_column width=&#8221;1\/4&#8243;][vc_column_text css=&#8221;&#8221;]<\/p>\n<h1 style=\"text-align: center;\"><strong>2025<\/strong><\/h1>\n<p>[\/vc_column_text][vc_single_image image=&#8221;1003&#8243; alignment=&#8221;center&#8221; onclick=&#8221;link_image&#8221; css=&#8221;&#8221;][vc_column_text css=&#8221;&#8221;]<\/p>\n<p style=\"text-align: center;\"><a href=\"https:\/\/people.epfl.ch\/daniel.kuhn\" target=\"_blank\" rel=\"noopener noreferrer\"><b>Daniel Kuhn<\/b><\/a><\/p>\n<p style=\"text-align: center;\">\u00c9cole Polytechinque F\u00e9d\u00e9rale de Lausanne<\/p>\n<p>[\/vc_column_text][\/vc_column][vc_column width=&#8221;1\/4&#8243;][vc_column_text]<\/p>\n<h1 style=\"text-align: center\"><strong>2024<\/strong><\/h1>\n<p>[\/vc_column_text][vc_single_image image=&#8221;945&#8243; alignment=&#8221;center&#8221; onclick=&#8221;link_image&#8221;][vc_column_text]<\/p>\n<p style=\"text-align: center\"><a href=\"https:\/\/www.tu-ilmenau.de\/en\/mmor\/team\/gabriele-eichfelder\" target=\"_blank\" rel=\"noopener noreferrer\"><b>Gabriele Eichfelder<\/b><\/a><\/p>\n<p style=\"text-align: center\">Technische Universit\u00e4t Ilmenau<\/p>\n<p>[\/vc_column_text][\/vc_column][vc_column width=&#8221;1\/4&#8243;][vc_column_text]<\/p>\n<h1 style=\"text-align: center\">2023<\/h1>\n<p>[\/vc_column_text][vc_single_image image=&#8221;905&#8243; alignment=&#8221;center&#8221; onclick=&#8221;link_image&#8221;][vc_column_text]<\/p>\n<p style=\"text-align: center\"><a href=\"https:\/\/www.maths.ox.ac.uk\/people\/coralia.cartis\" target=\"_blank\" rel=\"noopener noreferrer\"><b>Coralia Cartis<\/b><\/a><\/p>\n<p style=\"text-align: center\">University of Oxford<\/p>\n<p>[\/vc_column_text][\/vc_column][\/vc_row][vc_row][vc_column width=&#8221;1\/4&#8243;][vc_column_text]<\/p>\n<h1 style=\"text-align: center\">2022<\/h1>\n<p>[\/vc_column_text][vc_single_image image=&#8221;855&#8243; alignment=&#8221;center&#8221; onclick=&#8221;link_image&#8221;][vc_column_text]<\/p>\n<p style=\"text-align: center\"><a href=\"https:\/\/kop.ior.kit.edu\/stein.php\" target=\"_blank\" rel=\"noopener noreferrer\"><b>Oliver Stein<\/b><\/a><\/p>\n<p style=\"text-align: center\">Karlsruher Institut f\u00fcr Tecnologie<\/p>\n<p>[\/vc_column_text][\/vc_column][vc_column width=&#8221;1\/4&#8243;][vc_column_text]<\/p>\n<h1 style=\"text-align: center\"><strong>2021<\/strong><\/h1>\n<p>[\/vc_column_text][vc_single_image image=&#8221;686&#8243; alignment=&#8221;center&#8221; style=&#8221;vc_box_rounded&#8221; onclick=&#8221;link_image&#8221; css_animation=&#8221;fadeIn&#8221;][vc_column_text css=&#8221;&#8221;]<\/p>\n<p style=\"text-align: center;\"><a href=\"https:\/\/homepages.cwi.nl\/~monique\/\" target=\"_blank\" rel=\"noopener noreferrer\"><b>Monique Laurent<\/b><\/a><\/p>\n<p style=\"text-align: center;\">Centrum Wiskunde &amp; Informatica, Amsterdam<\/p>\n<p style=\"text-align: center;\">Universiteit van Tilburg<\/p>\n<p>[\/vc_column_text][\/vc_column][vc_column width=&#8221;1\/4&#8243;][vc_column_text]<\/p>\n<h1 style=\"text-align: center\"><strong>2020<\/strong><\/h1>\n<p>[\/vc_column_text][vc_single_image image=&#8221;657&#8243; alignment=&#8221;center&#8221; style=&#8221;vc_box_rounded&#8221;][vc_column_text]<\/p>\n<p style=\"text-align: center\"><strong>Manlio Gaudioso<\/strong><\/p>\n<p style=\"text-align: center\">Universit\u00e0 della Calabria<\/p>\n<p>[\/vc_column_text][\/vc_column][vc_column width=&#8221;1\/4&#8243;][vc_column_text]<\/p>\n<h1 style=\"text-align: center\">2019<\/h1>\n<p>[\/vc_column_text][vc_single_image image=&#8221;614&#8243; alignment=&#8221;center&#8221; style=&#8221;vc_box_rounded&#8221; onclick=&#8221;link_image&#8221;][vc_column_text]<\/p>\n<p style=\"text-align: center\"><a href=\"https:\/\/www.maths.ed.ac.uk\/~gondzio\/\" target=\"_blank\" rel=\"noopener noreferrer\"><b>Jacek Gondzio<\/b><\/a><\/p>\n<p style=\"text-align: center\">The University of Edinburgh<\/p>\n<p>[\/vc_column_text][\/vc_column][\/vc_row][vc_row][vc_column width=&#8221;1\/4&#8243;][vc_column_text]<\/p>\n<h1 style=\"text-align: center\">2018<\/h1>\n<p>[\/vc_column_text][vc_single_image image=&#8221;547&#8243; alignment=&#8221;center&#8221; style=&#8221;vc_box_rounded&#8221; onclick=&#8221;link_image&#8221; css_animation=&#8221;none&#8221;][vc_column_text]<\/p>\n<p style=\"text-align: center\"><a href=\"http:\/\/www.ce.unipr.it\/~locatell\/index.html\" target=\"_blank\" rel=\"noopener noreferrer\"><b>Marco Locatelli<\/b><\/a><\/p>\n<p style=\"text-align: center\">Universit\u00e0 di Parma<\/p>\n<p>[\/vc_column_text][\/vc_column][vc_column width=&#8221;1\/4&#8243;][vc_column_text]<\/p>\n<h1 style=\"text-align: center\">2017<\/h1>\n<p>[\/vc_column_text][vc_single_image image=&#8221;473&#8243; alignment=&#8221;center&#8221; style=&#8221;vc_box_rounded&#8221; onclick=&#8221;link_image&#8221; css_animation=&#8221;none&#8221;][vc_column_text]<\/p>\n<p style=\"text-align: center\"><a href=\"http:\/\/www.miguelanjos.com\/\" target=\"_blank\" rel=\"noopener noreferrer\"><b>Miguel Anjos<\/b><\/a><\/p>\n<p style=\"text-align: center\">The University of Edinburgh<\/p>\n<p style=\"text-align: center\">(Polytechnique Montr\u00e9al in 2017)<\/p>\n<p>[\/vc_column_text][\/vc_column][vc_column width=&#8221;1\/4&#8243;][vc_column_text]<\/p>\n<h1 style=\"text-align: center\">2016<\/h1>\n<p>[\/vc_column_text][vc_single_image image=&#8221;328&#8243; alignment=&#8221;center&#8221; style=&#8221;vc_box_rounded&#8221; onclick=&#8221;link_image&#8221; css_animation=&#8221;fadeIn&#8221;][vc_column_text]<\/p>\n<p style=\"text-align: center\"><a href=\"http:\/\/wwwinfo.deis.unical.it\/yaro\/\" target=\"_blank\" rel=\"noopener noreferrer\"><b>Yaroslav D. Sergeyev<\/b><\/a><\/p>\n<p style=\"text-align: center\">Universit\u00e0 della Calabria<\/p>\n<p>[\/vc_column_text][\/vc_column][vc_column width=&#8221;1\/4&#8243;][vc_column_text]<\/p>\n<h1 style=\"text-align: center\"><strong>2015\u00a0<\/strong><\/h1>\n<p>[\/vc_column_text][vc_single_image image=&#8221;326&#8243; alignment=&#8221;center&#8221; onclick=&#8221;link_image&#8221; css_animation=&#8221;fadeIn&#8221;][vc_column_text]<\/p>\n<p style=\"text-align: center\"><strong><a href=\"https:\/\/www.ise.ufl.edu\/pardalos\/\" target=\"_blank\" rel=\"noopener\">Panos Pardalos<\/a><\/strong><\/p>\n<p style=\"text-align: center\">University of Florida<\/p>\n<p>[\/vc_column_text][\/vc_column][\/vc_row][vc_row][vc_column width=&#8221;1\/4&#8243;][vc_column_text]<\/p>\n<h1 style=\"text-align: center\">2014<\/h1>\n<p>[\/vc_column_text][vc_single_image image=&#8221;327&#8243; alignment=&#8221;center&#8221; onclick=&#8221;link_image&#8221; css_animation=&#8221;fadeIn&#8221;][vc_column_text]<\/p>\n<p style=\"text-align: center\"><a href=\"http:\/\/homepage.univie.ac.at\/immanuel.bomze\/index.html\" target=\"_blank\" rel=\"noopener noreferrer\"><b>Immanuel Bomze<\/b><\/a><\/p>\n<p style=\"text-align: center\">University of Vienna<\/p>\n<p>[\/vc_column_text][\/vc_column][vc_column width=&#8221;1\/4&#8243;][vc_column_text]<\/p>\n<h1 style=\"text-align: center\">2012<\/h1>\n<p>[\/vc_column_text][vc_single_image image=&#8221;336&#8243; alignment=&#8221;center&#8221; style=&#8221;vc_box_rounded&#8221; onclick=&#8221;link_image&#8221; css_animation=&#8221;fadeIn&#8221;][vc_column_text]<\/p>\n<p style=\"text-align: center\"><a href=\"http:\/\/www.co.it.pt\/~judice\/\" target=\"_blank\" rel=\"noopener noreferrer\"><b>Joaquim Jo\u00e3o J\u00fadice<\/b><\/a><\/p>\n<p style=\"text-align: center\">Universidade de Coimbra<\/p>\n<p>[\/vc_column_text][\/vc_column][vc_column width=&#8221;1\/4&#8243;][vc_column_text]<\/p>\n<h1 style=\"text-align: center\"><strong>2011\u00a0<\/strong><\/h1>\n<p>[\/vc_column_text][vc_single_image image=&#8221;335&#8243; img_size=&#8221;95000&#215;127000&#8243; alignment=&#8221;center&#8221; onclick=&#8221;link_image&#8221; css_animation=&#8221;fadeIn&#8221;][vc_column_text]<\/p>\n<p style=\"text-align: center\"><a href=\"http:\/\/pareto.uab.es\/jemartinez\/\" target=\"_blank\" rel=\"noopener noreferrer\"><b>Juan Enrique Mart\u00ednez-Legaz<\/b><\/a><\/p>\n<p style=\"text-align: center\">Universitat Aut<span lang=\"en\">\u00f2<\/span>noma de Barcelona<\/p>\n<p>[\/vc_column_text][\/vc_column][vc_column width=&#8221;1\/4&#8243;][vc_column_text]<\/p>\n<h1 style=\"text-align: center\">2010<\/h1>\n<p>[\/vc_column_text][vc_single_image image=&#8221;337&#8243; alignment=&#8221;center&#8221; onclick=&#8221;link_image&#8221; css_animation=&#8221;fadeIn&#8221;][vc_column_text]<\/p>\n<p style=\"text-align: center\"><a href=\"https:\/\/uclouvain.be\/fr\/repertoires\/yurii.nesterov\" target=\"_blank\" rel=\"noopener noreferrer\"><b>Yurii Nesterov<\/b><\/a><\/p>\n<p style=\"text-align: center\">Universit\u00e9 Catholique de Louvain<\/p>\n<p>[\/vc_column_text][\/vc_column][\/vc_row][vc_row][vc_column width=&#8221;1\/4&#8243;][vc_column_text]<\/p>\n<h1 style=\"text-align: center\">2009<\/h1>\n<p>[\/vc_column_text][vc_single_image image=&#8221;341&#8243; alignment=&#8221;center&#8221; onclick=&#8221;link_image&#8221; css_animation=&#8221;bounceIn&#8221;][vc_column_text]<\/p>\n<p style=\"text-align: center\"><a href=\"https:\/\/federation.edu.au\/faculties-and-schools\/faculty-of-science-and-technology\/staff-profiles\/mathematics\/adil-bagirov\" target=\"_blank\" rel=\"noopener noreferrer\"><b>Adil Bagirov<\/b><\/a><\/p>\n<p style=\"text-align: center\">University of Ballarat<\/p>\n<p>[\/vc_column_text][\/vc_column][vc_column width=&#8221;1\/4&#8243;][vc_column_text]<\/p>\n<h1 style=\"text-align: center\">2008<\/h1>\n<p>[\/vc_column_text][vc_single_image image=&#8221;340&#8243; alignment=&#8221;center&#8221; style=&#8221;vc_box_rounded&#8221; onclick=&#8221;link_image&#8221; css_animation=&#8221;fadeIn&#8221;][vc_column_text]<\/p>\n<p style=\"text-align: center\"><b>Cornelis (Kees) Roos<\/b><\/p>\n<p style=\"text-align: center\">Technische Universiteit Delft<\/p>\n<h3 class=\"r\"><\/h3>\n<p>[\/vc_column_text][\/vc_column][vc_column width=&#8221;1\/4&#8243;][vc_column_text]<\/p>\n<h1 style=\"text-align: center\">2007<\/h1>\n<p>[\/vc_column_text][vc_single_image image=&#8221;342&#8243; alignment=&#8221;center&#8221; onclick=&#8221;link_image&#8221; css_animation=&#8221;fadeIn&#8221;][vc_column_text]<\/p>\n<p style=\"text-align: center\"><b>Georg Still<br \/>\n(1951-2023)<\/b><\/p>\n<p style=\"text-align: center\">Universiteit Twente<\/p>\n<p>[\/vc_column_text][\/vc_column][vc_column width=&#8221;1\/4&#8243;][vc_column_text]<\/p>\n<h1 style=\"text-align: center\">2006<\/h1>\n<p>[\/vc_column_text][vc_single_image image=&#8221;345&#8243; alignment=&#8221;center&#8221; style=&#8221;vc_box_rounded&#8221; onclick=&#8221;link_image&#8221; css_animation=&#8221;fadeIn&#8221;][vc_column_text]<\/p>\n<p style=\"text-align: center\"><b>Alexander Rubinov<br \/>\n(1940-2006)<\/b><\/p>\n<p style=\"text-align: center\">University of Ballarat<\/p>\n<p>[\/vc_column_text][\/vc_column][\/vc_row][vc_row][vc_column][\/vc_column][\/vc_row]<\/p>\n<\/div>","protected":false},"excerpt":{"rendered":"<p>[vc_row][vc_column width=&#8221;1\/4&#8243;][vc_column_text css=&#8221;&#8221;] 2026 [\/vc_column_text][vc_single_image image=&#8221;1057&#8243; alignment=&#8221;center&#8221; onclick=&#8221;link_image&#8221; css=&#8221;&#8221;][vc_column_text css=&#8221;&#8221;] Etienne de Klerk Universiteit van Tilburg [\/vc_column_text][\/vc_column][vc_column width=&#8221;1\/4&#8243;][vc_column_text css=&#8221;&#8221;] 2025 [\/vc_column_text][vc_single_image image=&#8221;1003&#8243; alignment=&#8221;center&#8221; onclick=&#8221;link_image&#8221; css=&#8221;&#8221;][vc_column_text css=&#8221;&#8221;] Daniel Kuhn \u00c9cole Polytechinque [&hellip;]<\/p>\n","protected":false},"author":1,"featured_media":0,"parent":0,"menu_order":0,"comment_status":"closed","ping_status":"closed","template":"","meta":{"footnotes":""},"class_list":["post-83","page","type-page","status-publish","hentry"],"_links":{"self":[{"href":"https:\/\/www.euro-online.org\/websites\/continuous-optimization\/wp-json\/wp\/v2\/pages\/83"}],"collection":[{"href":"https:\/\/www.euro-online.org\/websites\/continuous-optimization\/wp-json\/wp\/v2\/pages"}],"about":[{"href":"https:\/\/www.euro-online.org\/websites\/continuous-optimization\/wp-json\/wp\/v2\/types\/page"}],"author":[{"embeddable":true,"href":"https:\/\/www.euro-online.org\/websites\/continuous-optimization\/wp-json\/wp\/v2\/users\/1"}],"replies":[{"embeddable":true,"href":"https:\/\/www.euro-online.org\/websites\/continuous-optimization\/wp-json\/wp\/v2\/comments?post=83"}],"version-history":[{"count":64,"href":"https:\/\/www.euro-online.org\/websites\/continuous-optimization\/wp-json\/wp\/v2\/pages\/83\/revisions"}],"predecessor-version":[{"id":1058,"href":"https:\/\/www.euro-online.org\/websites\/continuous-optimization\/wp-json\/wp\/v2\/pages\/83\/revisions\/1058"}],"wp:attachment":[{"href":"https:\/\/www.euro-online.org\/websites\/continuous-optimization\/wp-json\/wp\/v2\/media?parent=83"}],"curies":[{"name":"wp","href":"https:\/\/api.w.org\/{rel}","templated":true}]}}