{"id":86,"date":"2017-01-21T12:40:28","date_gmt":"2017-01-21T12:40:28","guid":{"rendered":"https:\/\/www.euro-online.org\/websites\/demo\/?page_id=86"},"modified":"2024-09-05T09:20:04","modified_gmt":"2024-09-05T09:20:04","slug":"coordinators","status":"publish","type":"page","link":"https:\/\/www.euro-online.org\/websites\/bor\/coordinators\/","title":{"rendered":"Coordinators"},"content":{"rendered":"<div class=\"wpb-content-wrapper\"><p>[vc_row][vc_column width=&#8221;1\/2&#8243;][vc_column_text]<\/p>\n<table cellpadding=\"4\">\n<tbody>\n<tr>\n<td class=\"rightpadding\">\u00a0<img loading=\"lazy\" decoding=\"async\" class=\"alignnone wp-image-411\" src=\"https:\/\/www.euro-online.org\/websites\/bor\/wp-content\/uploads\/sites\/13\/2018\/05\/alberto-franco-1-261x300.jpg\" alt=\"\" width=\"135\" height=\"156\" srcset=\"https:\/\/www.euro-online.org\/websites\/bor\/wp-content\/uploads\/sites\/13\/2018\/05\/alberto-franco-1-261x300.jpg 261w, https:\/\/www.euro-online.org\/websites\/bor\/wp-content\/uploads\/sites\/13\/2018\/05\/alberto-franco-1.jpg 310w\" sizes=\"(max-width: 135px) 100vw, 135px\" \/><\/td>\n<td><a href=\"https:\/\/www.bristol.ac.uk\/people\/person\/Alberto-Franco-ae2e55aa-3f09-49bf-b88c-055663901173\/\">L. Alberto Franco<\/a><br \/>\n<a href=\"mailto:alberto.franco@bristol.ac.uk\">alberto.franco@bristol.ac.uk<\/a><a href=\"mailto:l.a.franco@lboro.ac.uk\">\u00a0<\/a><br \/>\n<i>University of Bristol,<br \/>\nUniversity of Bristol Business School, <\/i><i>UK<\/i><br \/>\nChair<\/td>\n<\/tr>\n<tr>\n<td class=\"rightpadding\">\u00a0<img loading=\"lazy\" decoding=\"async\" class=\"wp-image-409 alignnone\" src=\"https:\/\/www.euro-online.org\/websites\/bor\/wp-content\/uploads\/sites\/13\/2018\/05\/raimo-hamalainen.jpg\" alt=\"\" width=\"135\" height=\"167\" \/><\/td>\n<td><a href=\"http:\/\/sal.aalto.fi\/en\/personnel\/raimo.hamalainen\/\">Raimo P. H\u00e4m\u00e4l\u00e4inen<\/a><br \/>\n<a href=\"mailto:raimo.hamalainen@aalto.fi\">raimo.hamalainen@aalto.fi<\/a><br \/>\n<i>Aalto University, Finland<\/i><br \/>\nSecretary<\/td>\n<\/tr>\n<\/tbody>\n<\/table>\n<h1><\/h1>\n<h1><\/h1>\n<p>[\/vc_column_text][\/vc_column][vc_column width=&#8221;1\/2&#8243;][vc_column_text css=&#8221;&#8221;]<\/p>\n<h1>Coordination Board<\/h1>\n<p><a href=\"https:\/\/scholar.google.at\/citations?user=Gun089sAAAAJ&amp;hl=en\">Engin, Aysegul<\/a> (Austria)<\/p>\n<p><a href=\"https:\/\/www.bristol.ac.uk\/people\/person\/Alberto-Franco-ae2e55aa-3f09-49bf-b88c-055663901173\/\">Franco, L. Alberto<\/a>\u00a0Chair (UK)<\/p>\n<p><a href=\"http:\/\/sal.aalto.fi\/en\/personnel\/raimo.hamalainen\/\">H\u00e4m\u00e4l\u00e4inen, Raimo P. <\/a>\u00a0Secretary (Finland)<\/p>\n<p><a href=\"https:\/\/www.southampton.ac.uk\/people\/5xs6r2\/professor-martin-kunc\">Kunc<\/a><a href=\"https:\/\/www.southampton.ac.uk\/people\/5xs6r2\/professor-martin-kunc\">, Martin<\/a>\u00a0 (UK)<\/p>\n<p><a href=\"http:\/\/www.lboro.ac.uk\/departments\/sbe\/staff\/ilkka-leppanen\/\">Lepp\u00e4nen, Ilkka<\/a>\u00a0(Finland)<\/p>\n<p><a href=\"https:\/\/www.uni-marburg.de\/de\/fb02\/professuren\/bwl\/digiprozess\/team\/leyer\" target=\"_blank\" rel=\"noopener\">Leyer, Michael<\/a> (DE)<\/p>\n<p><a href=\"https:\/\/www.uc.pt\/en\/org\/inescc\/people\/marta_lopes\" target=\"_blank\" rel=\"noopener\">Lopes, Marta<\/a> Treasurer (Portugal)<\/p>\n<p><a href=\"https:\/\/www.mci.edu\/de\/faculty\/anita.onay\" target=\"_blank\" rel=\"noopener\">Onay, Anita<\/a> (Austria)<\/p>\n<p><a href=\"https:\/\/online-learning.tudelft.nl\/instructors\/lisa-scholten\/\">Scholten, Lisa<\/a> (The Netherlands)<\/p>\n<p><a href=\"https:\/\/www.mci.edu\/en\/faculty\/johannes.siebert\">Siebert, Johannes<\/a>\u00a0Newsletter editor (Austria)<\/p>\n<p>&nbsp;<\/p>\n<h1>Management Board<\/h1>\n<p><a href=\"https:\/\/www.tno.nl\/en\/collaboration\/find-a-tno-employee\/dr-ana-isabel-barros\/cid2992\/\">Barros, Ana<\/a> TNO (Netherlands)<\/p>\n<p><a href=\"https:\/\/www.bristol.ac.uk\/people\/person\/Alberto-Franco-ae2e55aa-3f09-49bf-b88c-055663901173\/\">Franco, L. Alberto<\/a>\u00a0Loughborough University\u00a0(UK)<\/p>\n<p><a href=\"https:\/\/www.bwi.uni-stuttgart.de\/abt10\/mitarbeiter\/Groessler\/?__locale=en\">Gr\u00f6\u00dfler, Andreas<\/a> University of Stuttgart (Germany)<\/p>\n<p><a href=\"http:\/\/sal.aalto.fi\/en\/personnel\/raimo.hamalainen\/\">H\u00e4m\u00e4l\u00e4inen, Raimo P.<\/a> Aalto University (Finland)<\/p>\n<p><a href=\"https:\/\/www.strath.ac.uk\/staff\/howicksusanprof\/\">Howick Susan<\/a>\u00a0University of Strathclyde (UK)<\/p>\n<p><a href=\"http:\/\/www.eawag.ch\/en\/department\/ess\/main-focus\/decision-analysis-da\/\">Lienert, Judit<\/a> Eawag (Switzerland)<\/p>\n<p><a href=\"http:\/\/www.lboro.ac.uk\/departments\/sbe\/staff\/profiles\/montibellergilberto\/montibeller-gilberto.html\">Montibeller, Gilberto<\/a> Loughborough University (UK)<\/p>\n<p><a href=\"http:\/\/www.lgi.ecp.fr\/~mousseau\/\">Mousseau, Vincent<\/a> Ecole Centrale Paris (France)<\/p>\n<p><a href=\"https:\/\/www.ru.nl\/english\/people\/rouwette-e\/\">Rouwette, Etienne AJA<\/a> Radboud University (Netherlands)<\/p>\n<p><a href=\"https:\/\/www.mci.edu\/en\/faculty\/johannes.siebert\">Siebert, Johannes<\/a> Management Center Innsbruck (Austria)<\/p>\n<p><a href=\"http:\/\/opim.univie.ac.at\/\">Vetschera, Rudolf<\/a> University of Vienna (Austria)<\/p>\n<p><a href=\"https:\/\/research.aalto.fi\/portal\/jyrki.wallenius.html\">Wallenius, Jyrki<\/a> Aalto University (Finland)[\/vc_column_text][\/vc_column][\/vc_row]<\/p>\n<\/div>","protected":false},"excerpt":{"rendered":"<p>[vc_row][vc_column width=&#8221;1\/2&#8243;][vc_column_text] \u00a0 L. Alberto Franco alberto.franco@bristol.ac.uk\u00a0 University of Bristol, University of Bristol Business School, UK Chair \u00a0 Raimo P. H\u00e4m\u00e4l\u00e4inen raimo.hamalainen@aalto.fi Aalto University, Finland Secretary [\/vc_column_text][\/vc_column][vc_column width=&#8221;1\/2&#8243;][vc_column_text css=&#8221;&#8221;] Coordination [&hellip;]<\/p>\n","protected":false},"author":1,"featured_media":0,"parent":0,"menu_order":0,"comment_status":"closed","ping_status":"closed","template":"","meta":{"footnotes":""},"class_list":["post-86","page","type-page","status-publish","hentry"],"_links":{"self":[{"href":"https:\/\/www.euro-online.org\/websites\/bor\/wp-json\/wp\/v2\/pages\/86"}],"collection":[{"href":"https:\/\/www.euro-online.org\/websites\/bor\/wp-json\/wp\/v2\/pages"}],"about":[{"href":"https:\/\/www.euro-online.org\/websites\/bor\/wp-json\/wp\/v2\/types\/page"}],"author":[{"embeddable":true,"href":"https:\/\/www.euro-online.org\/websites\/bor\/wp-json\/wp\/v2\/users\/1"}],"replies":[{"embeddable":true,"href":"https:\/\/www.euro-online.org\/websites\/bor\/wp-json\/wp\/v2\/comments?post=86"}],"version-history":[{"count":39,"href":"https:\/\/www.euro-online.org\/websites\/bor\/wp-json\/wp\/v2\/pages\/86\/revisions"}],"predecessor-version":[{"id":1259,"href":"https:\/\/www.euro-online.org\/websites\/bor\/wp-json\/wp\/v2\/pages\/86\/revisions\/1259"}],"wp:attachment":[{"href":"https:\/\/www.euro-online.org\/websites\/bor\/wp-json\/wp\/v2\/media?parent=86"}],"curies":[{"name":"wp","href":"https:\/\/api.w.org\/{rel}","templated":true}]}}